{"id":92,"date":"2019-12-19T12:01:53","date_gmt":"2019-12-19T11:01:53","guid":{"rendered":"http:\/\/www.zlobek-bobas.pl\/?page_id=92"},"modified":"2019-12-27T22:59:09","modified_gmt":"2019-12-27T21:59:09","slug":"aktualnosci","status":"publish","type":"page","link":"https:\/\/www.zlobek-bobas.pl\/?page_id=92","title":{"rendered":"Aktualno\u015bci"},"content":{"rendered":"<p>Aktualno\u015bci<\/p>\n","protected":false},"excerpt":{"rendered":"<p>Aktualno\u015bci<\/p>\n","protected":false},"author":1,"featured_media":0,"parent":0,"menu_order":0,"comment_status":"closed","ping_status":"closed","template":"home-panels.php","meta":[],"yoast_head":"<!-- This site is optimized with the Yoast SEO plugin v15.5 - https:\/\/yoast.com\/wordpress\/plugins\/seo\/ -->\n<title>Aktualno\u015bci - \u017b\u0142obek Bobas<\/title>\n<meta name=\"robots\" content=\"index, follow, max-snippet:-1, max-image-preview:large, max-video-preview:-1\" \/>\n<link rel=\"canonical\" href=\"https:\/\/www.zlobek-bobas.pl\/?page_id=92\" \/>\n<meta property=\"og:locale\" content=\"pl_PL\" \/>\n<meta property=\"og:type\" content=\"article\" \/>\n<meta property=\"og:title\" content=\"Aktualno\u015bci - \u017b\u0142obek Bobas\" \/>\n<meta property=\"og:description\" content=\"Aktualno\u015bci\" \/>\n<meta property=\"og:url\" content=\"https:\/\/www.zlobek-bobas.pl\/?page_id=92\" \/>\n<meta property=\"og:site_name\" content=\"\u017b\u0142obek Bobas\" \/>\n<meta property=\"article:publisher\" content=\"https:\/\/www.facebook.com\/Zlobek-Bobas-1416590331992842\/\" \/>\n<meta property=\"article:modified_time\" content=\"2019-12-27T21:59:09+00:00\" \/>\n<meta name=\"twitter:card\" content=\"summary_large_image\" \/>\n<meta name=\"twitter:label1\" content=\"Est. reading time\">\n\t<meta name=\"twitter:data1\" content=\"0 minut\">\n<script type=\"application\/ld+json\" class=\"yoast-schema-graph\">{\"@context\":\"https:\/\/schema.org\",\"@graph\":[{\"@type\":\"Organization\",\"@id\":\"https:\/\/www.zlobek-bobas.pl\/#organization\",\"name\":\"\\u017b\\u0142obek Bobas\",\"url\":\"https:\/\/www.zlobek-bobas.pl\/\",\"sameAs\":[\"https:\/\/www.facebook.com\/Zlobek-Bobas-1416590331992842\/\"],\"logo\":{\"@type\":\"ImageObject\",\"@id\":\"https:\/\/www.zlobek-bobas.pl\/#logo\",\"inLanguage\":\"pl-PL\",\"url\":\"https:\/\/www.zlobek-bobas.pl\/wp-content\/uploads\/2019\/12\/bobastlo.png\",\"width\":1437,\"height\":785,\"caption\":\"\\u017b\\u0142obek Bobas\"},\"image\":{\"@id\":\"https:\/\/www.zlobek-bobas.pl\/#logo\"}},{\"@type\":\"WebSite\",\"@id\":\"https:\/\/www.zlobek-bobas.pl\/#website\",\"url\":\"https:\/\/www.zlobek-bobas.pl\/\",\"name\":\"\\u017b\\u0142obek Bobas\",\"description\":\"Strona pierwszego prywatnego \\u017c\\u0142obka w Tuchowie\",\"publisher\":{\"@id\":\"https:\/\/www.zlobek-bobas.pl\/#organization\"},\"potentialAction\":[{\"@type\":\"SearchAction\",\"target\":\"https:\/\/www.zlobek-bobas.pl\/?s={search_term_string}\",\"query-input\":\"required name=search_term_string\"}],\"inLanguage\":\"pl-PL\"},{\"@type\":[\"WebPage\",\"CollectionPage\"],\"@id\":\"https:\/\/www.zlobek-bobas.pl\/?page_id=92#webpage\",\"url\":\"https:\/\/www.zlobek-bobas.pl\/?page_id=92\",\"name\":\"Aktualno\\u015bci - \\u017b\\u0142obek Bobas\",\"isPartOf\":{\"@id\":\"https:\/\/www.zlobek-bobas.pl\/#website\"},\"datePublished\":\"2019-12-19T11:01:53+00:00\",\"dateModified\":\"2019-12-27T21:59:09+00:00\",\"inLanguage\":\"pl-PL\",\"potentialAction\":[{\"@type\":\"ReadAction\",\"target\":[\"https:\/\/www.zlobek-bobas.pl\/?page_id=92\"]}]}]}<\/script>\n<!-- \/ Yoast SEO plugin. -->","_links":{"self":[{"href":"https:\/\/www.zlobek-bobas.pl\/index.php?rest_route=\/wp\/v2\/pages\/92"}],"collection":[{"href":"https:\/\/www.zlobek-bobas.pl\/index.php?rest_route=\/wp\/v2\/pages"}],"about":[{"href":"https:\/\/www.zlobek-bobas.pl\/index.php?rest_route=\/wp\/v2\/types\/page"}],"author":[{"embeddable":true,"href":"https:\/\/www.zlobek-bobas.pl\/index.php?rest_route=\/wp\/v2\/users\/1"}],"replies":[{"embeddable":true,"href":"https:\/\/www.zlobek-bobas.pl\/index.php?rest_route=%2Fwp%2Fv2%2Fcomments&post=92"}],"version-history":[{"count":3,"href":"https:\/\/www.zlobek-bobas.pl\/index.php?rest_route=\/wp\/v2\/pages\/92\/revisions"}],"predecessor-version":[{"id":161,"href":"https:\/\/www.zlobek-bobas.pl\/index.php?rest_route=\/wp\/v2\/pages\/92\/revisions\/161"}],"wp:attachment":[{"href":"https:\/\/www.zlobek-bobas.pl\/index.php?rest_route=%2Fwp%2Fv2%2Fmedia&parent=92"}],"curies":[{"name":"wp","href":"https:\/\/api.w.org\/{rel}","templated":true}]}}